{"id":238,"date":"2022-10-11T12:02:56","date_gmt":"2022-10-11T10:02:56","guid":{"rendered":"http:\/\/qdmydgh.cluster029.hosting.ovh.net\/0371-0299-61\/jpbarlet\/?page_id=238"},"modified":"2023-10-04T18:44:03","modified_gmt":"2023-10-04T16:44:03","slug":"photo-de-mes-realisations-de-maquillage-et-coiffure-artistique","status":"publish","type":"page","link":"https:\/\/www.lbeauty.art\/index.php\/photo-de-mes-realisations-de-maquillage-et-coiffure-artistique\/","title":{"rendered":"Book &#8211; Photos Artistique"},"content":{"rendered":"\n<p>Maquillage et coiffure.<\/p>\n\n\n\n\t\t<!-- MasterSlider -->\n\t\t<div id=\"P_MS69f26e6780fbd\" class=\"master-slider-parent msl ms-parent-id-7\" style=\"max-width:800px;\">\n\n\t\t\t\n\t\t\t<!-- MasterSlider Main -->\n\t\t\t<div id=\"MS69f26e6780fbd\" class=\"master-slider ms-skin-light-2\" >\n\t\t\t\t \t\t\t\t \n\t\t\t\t<div  class=\"ms-slide\" data-delay=\"5\" data-fill-mode=\"fit\"  >\n\t\t\t\t\t<img decoding=\"async\" src=\"https:\/\/www.lbeauty.art\/wp-content\/plugins\/master-slider\/public\/assets\/css\/blank.gif\" alt=\"\" title=\"\" data-src=\"https:\/\/www.lbeauty.art\/wp-content\/uploads\/2022\/10\/perle-logo.jpg\" \/>\n\n\t\t\t\t\t<div class=\"ms-info\"><h3 style=\"text-align: center;\">Maquillage \"Perles\".<\/h3><p style=\"text-align: left;\">Pour ce maquillage je me suis inspir\u00e9e de <em>\"perles\"<\/em>.\u00a0<br \/><br \/>Je voulais quelque chose de tr\u00e8s doux, \u00e9pur\u00e9 mais quand m\u00eame glamour c'est pour cela que nous sommes partis sur un maquillage assez l\u00e9ger avec un teint frais et des teintes nudes sur les yeux et la bouche.<br \/><br \/>Puis j'ai jou\u00e9 avec la taille et les diff\u00e9rentes couleurs des perles pour ne pas surcharger le visage.<br \/><br \/>Photo r\u00e9alis\u00e9e : <a href=\"https:\/\/www.capturons-vos-moments.com\/\">https:\/\/www.capturons-vos-moments.com\/<\/a><\/p><\/div>\n\n\n\t<div class=\"ms-thumb\" ><div class=\"ms-tab-context\"><div class=&quot;ms-tab-context&quot;><\/div><\/div>\n<\/div>\n\t\t\t\t<\/div>\n\t\t\t\t<div  class=\"ms-slide\" data-delay=\"5\" data-fill-mode=\"fit\"  >\n\t\t\t\t\t<img decoding=\"async\" src=\"https:\/\/www.lbeauty.art\/wp-content\/plugins\/master-slider\/public\/assets\/css\/blank.gif\" alt=\"\" title=\"\" data-src=\"https:\/\/www.lbeauty.art\/wp-content\/uploads\/2022\/10\/monochrome-logo.jpg\" \/>\n\n\t\t\t\t\t<div class=\"ms-info\"><h3 style=\"text-align: center;\">Maquillage et coiffure Monochrome.<\/h3><p style=\"text-align: left;\">Pour ce projet artistique le th\u00e8me \u00e9tait - <em>\"Monochrome\"<\/em>.\u00a0<br \/><br \/>J'ai donc choisi le bleu c'est pour cela que la totalit\u00e9 de mon maquillage et de ma coiffure sont avec des nuances de bleu.<br \/><br \/>Pour la coiffure j'ai r\u00e9alis\u00e9 une structure en croissant avec diff\u00e9rentes intensit\u00e9s de bleus, j'ai ensuite ajout\u00e9 des rajouts de cheveux bleu dans les chevelure naturelle de mon mod\u00e8le.<br \/><br \/>Photo r\u00e9alis\u00e9e : <a href=\"https:\/\/www.capturons-vos-moments.com\/\">https:\/\/www.capturons-vos-moments.com\/<\/a><\/p><\/div>\n\n\n\t<div class=\"ms-thumb\" ><div class=\"ms-tab-context\"><div class=&quot;ms-tab-context&quot;><\/div><\/div>\n<\/div>\n\t\t\t\t<\/div>\n\t\t\t\t<div  class=\"ms-slide\" data-delay=\"5\" data-fill-mode=\"fit\"  >\n\t\t\t\t\t<img decoding=\"async\" src=\"https:\/\/www.lbeauty.art\/wp-content\/plugins\/master-slider\/public\/assets\/css\/blank.gif\" alt=\"\" title=\"\" data-src=\"https:\/\/www.lbeauty.art\/wp-content\/uploads\/2022\/10\/miroir-logo.jpg\" \/>\n\n\t\t\t\t\t<div class=\"ms-info\"><h3 style=\"text-align: center;\">Maquillage effet miroir<\/h3><p style=\"text-align: left;\">Ce maquillage artistique m'a \u00e9tait inspir\u00e9 par la couleur des cheveux de mon mod\u00e8le.<br \/><br \/>Je voulais cr\u00e9er une asym\u00e9trie en jouant avec les deux c\u00f4t\u00e9s de son visage, tout en retrouvant une sym\u00e9trie pour que l'on ait l'impression qu'il y a un effet miroir.<br \/><br \/>Photo r\u00e9alis\u00e9e : <a href=\"https:\/\/www.capturons-vos-moments.com\/\">https:\/\/www.capturons-vos-moments.com\/<\/a><\/p><\/div>\n\n\n\t<div class=\"ms-thumb\" ><div class=\"ms-tab-context\"><div class=&quot;ms-tab-context&quot;><\/div><\/div>\n<\/div>\n\t\t\t\t<\/div>\n\t\t\t\t<div  class=\"ms-slide\" data-delay=\"4\" data-fill-mode=\"fit\"  >\n\t\t\t\t\t<img decoding=\"async\" src=\"https:\/\/www.lbeauty.art\/wp-content\/plugins\/master-slider\/public\/assets\/css\/blank.gif\" alt=\"\" title=\"\" data-src=\"https:\/\/www.lbeauty.art\/wp-content\/uploads\/2022\/10\/galiano-logo.jpg\" \/>\n\n\t\t\t\t\t<div class=\"ms-info\"><h3 style=\"text-align: center;\">Maquillage Galliano<\/h3><p style=\"text-align: left;\">Ce maquillage m'a \u00e9tait inspir\u00e9 par le style des maquillages de John Galliano.<br \/><br \/>Souvent caract\u00e9ris\u00e9s par un teint blanc, des sourcils tr\u00e8s fins et une bouche glos\u00e9e.<br \/><br \/>Photo r\u00e9alis\u00e9e : <a href=\"https:\/\/www.capturons-vos-moments.com\/\">https:\/\/www.capturons-vos-moments.com\/<\/a><\/p><\/div>\n\n\n\t<div class=\"ms-thumb\" ><div class=\"ms-tab-context\"><div class=&quot;ms-tab-context&quot;><\/div><\/div>\n<\/div>\n\t\t\t\t<\/div>\n\t\t\t\t<div  class=\"ms-slide\" data-delay=\"5\" data-fill-mode=\"fit\"  >\n\t\t\t\t\t<img decoding=\"async\" src=\"https:\/\/www.lbeauty.art\/wp-content\/plugins\/master-slider\/public\/assets\/css\/blank.gif\" alt=\"\" title=\"\" data-src=\"https:\/\/www.lbeauty.art\/wp-content\/uploads\/2022\/10\/scorpion-logo.jpg\" \/>\n\n\t\t\t\t\t<div class=\"ms-info\"><h3 style=\"text-align: center;\">Maquillage et coiffure \"Scorpion\"<\/h3><p style=\"text-align: left;\">Le th\u00e8me pour ce projet artistique \u00e9tait - <em>\"Astrologie\"<\/em>.<br \/><br \/>Je me suis donc inspir\u00e9 du signe astrologique du Scorpion pour r\u00e9aliser ma coiffure je voulais que les cheveux de mon mod\u00e8le repr\u00e9sentent la queue du Scorpion, pour que dans le maquillage je retrouve le reste du corps de celui-ci.<br \/><br \/>Je me suis servie du visage de mon mod\u00e8le comme d'une toile pour dessiner le corps d'un Scorpion.<br \/><br \/>Photo r\u00e9alis\u00e9e : <a href=\"https:\/\/www.capturons-vos-moments.com\/\">https:\/\/www.capturons-vos-moments.com\/<\/a><\/p><\/div>\n\n\n\t<div class=\"ms-thumb\" ><div class=\"ms-tab-context\"><div class=&quot;ms-tab-context&quot;><\/div><\/div>\n<\/div>\n\t\t\t\t<\/div>\n\t\t\t\t<div  class=\"ms-slide\" data-delay=\"5\" data-fill-mode=\"fit\"  >\n\t\t\t\t\t<img decoding=\"async\" src=\"https:\/\/www.lbeauty.art\/wp-content\/plugins\/master-slider\/public\/assets\/css\/blank.gif\" alt=\"\" title=\"\" data-src=\"https:\/\/www.lbeauty.art\/wp-content\/uploads\/2022\/10\/Herisson-logo.jpg\" \/>\n\n\t\t\t\t\t<div class=\"ms-info\"><h3 style=\"text-align: center;\">Maquillage et coiffure \"H\u00e9risson\"<\/h3><p style=\"text-align: left;\">Le th\u00e8me pour ce projet artistique \u00e9tait - <em>\"Les Sept P\u00e9ch\u00e9s Capitaux\".<br \/><\/em><br \/>J'ai choisi de prendre l'Avarice et de m'inspirer de l'expression - <em>\"Avoir un H\u00e9risson dans la poche\"\u00a0<\/em>je voulais que ma coiffe repr\u00e9sente les piques de l'h\u00e9risson c'est pour cela que j'ai coll\u00e9 des plaques de cheveux d\u00e9couper en pique un \u00e0 un sur ma structure.<br \/><br \/>Cependant pour le maquillage je voulais rappeler le c\u00f4t\u00e9 mignon d'un h\u00e9risson c'est pour cela que j'ai repris tous les contours de son visage avec des d\u00e9grad\u00e9s de marron.<br \/><br \/>Photo r\u00e9alis\u00e9e : <a href=\"https:\/\/www.capturons-vos-moments.com\/\">https:\/\/www.capturons-vos-moments.com\/<\/a><\/p><\/div>\n\n\n\t<div class=\"ms-thumb\" ><div class=\"ms-tab-context\"><div class=&quot;ms-tab-context&quot;><\/div><\/div>\n<\/div>\n\t\t\t\t<\/div>\n\t\t\t\t<div  class=\"ms-slide\" data-delay=\"5\" data-fill-mode=\"fit\"  >\n\t\t\t\t\t<img decoding=\"async\" src=\"https:\/\/www.lbeauty.art\/wp-content\/plugins\/master-slider\/public\/assets\/css\/blank.gif\" alt=\"\" title=\"\" data-src=\"https:\/\/www.lbeauty.art\/wp-content\/uploads\/2022\/10\/Body-Painting-logo.jpg\" \/>\n\n\t\t\t\t\t<div class=\"ms-info\"><h3 style=\"text-align: center;\">Body Painting<\/h3><p style=\"text-align: left;\">Ce Body Painting avait pour th\u00e8me - <em>\"La faune et la Flore\".<br \/><\/em><br \/>J'ai choisi de r\u00e9aliser un Paon, pour cela j'ai dessin\u00e9 le corps de celui-ci, ensuite j'ai dessin\u00e9 plein de plumes de Paon autour de son corps.<br \/><br \/>J'ai \u00e9galement coll\u00e9 des plumes sur la poitrine de mon mod\u00e8le, ainsi que sur les \u00e9paules pour rappeler ce c\u00f4t\u00e9 animal.<br \/><br \/>Photo r\u00e9alis\u00e9e : <a href=\"https:\/\/www.capturons-vos-moments.com\/\">https:\/\/www.capturons-vos-moments.com\/<\/a><\/p><\/div>\n\n\n\t<div class=\"ms-thumb\" ><div class=\"ms-tab-context\"><div class=&quot;ms-tab-context&quot;><\/div><\/div>\n<\/div>\n\t\t\t\t<\/div>\n\n\t\t\t<\/div>\n\t\t\t<!-- END MasterSlider Main -->\n\n\t\t\t \n\t\t<\/div>\n\t\t<!-- END MasterSlider -->\n\n\t\t<script>\n\t\t(function ( $ ) {\n\t\t\t\"use strict\";\n\n\t\t\t$(function () {\n\t\t\t\tvar masterslider_0fbd = new MasterSlider();\n\n\t\t\t\t\/\/ slider controls\n\t\t\t\tmasterslider_0fbd.control('arrows'     ,{ autohide:false, overVideo:true  });\n\t\t\t\tmasterslider_0fbd.control('slideinfo'  ,{ autohide:false, overVideo:true, dir:'h', align:'bottom',inset:false , margin:10   });\n\t\t\t\t\/\/ slider setup\n\t\t\t\tmasterslider_0fbd.setup(\"MS69f26e6780fbd\", {\n\t\t\t\t\t\twidth           : 800,\n\t\t\t\t\t\theight          : 480,\n\t\t\t\t\t\tminHeight       : 0,\n\t\t\t\t\t\tspace           : 0,\n\t\t\t\t\t\tstart           : 1,\n\t\t\t\t\t\tgrabCursor      : true,\n\t\t\t\t\t\tswipe           : true,\n\t\t\t\t\t\tmouse           : true,\n\t\t\t\t\t\tlayout          : \"boxed\",\n\t\t\t\t\t\twheel           : false,\n\t\t\t\t\t\tautoplay        : true,\n\t\t\t\t\t\tinstantStartLayers:false,\n\t\t\t\t\t\tloop            : false,\n\t\t\t\t\t\tshuffle         : false,\n\t\t\t\t\t\tpreload         : 0,\n\t\t\t\t\t\theightLimit     : true,\n\t\t\t\t\t\tautoHeight      : false,\n\t\t\t\t\t\tsmoothHeight    : true,\n\t\t\t\t\t\tendPause        : false,\n\t\t\t\t\t\toverPause       : true,\n\t\t\t\t\t\tfillMode        : \"fill\",\n\t\t\t\t\t\tcenterControls  : true,\n\t\t\t\t\t\tstartOnAppear   : false,\n\t\t\t\t\t\tlayersMode      : \"center\",\n\t\t\t\t\t\thideLayers      : false,\n\t\t\t\t\t\tfullscreenMargin: 0,\n\t\t\t\t\t\tspeed           : 20,\n\t\t\t\t\t\tdir             : \"h\",\n\t\t\t\t\t\tparallaxMode    : 'swipe',\n\t\t\t\t\t\tview            : \"basic\"\n\t\t\t\t});\n\n\t\t\t\t\n\t\t\t\twindow.masterslider_instances = window.masterslider_instances || [];\n\t\t\t\twindow.masterslider_instances.push( masterslider_0fbd );\n\t\t\t });\n\n\t\t})(jQuery);\n\t\t<\/script>\n\n\n","protected":false},"excerpt":{"rendered":"<p>Maquillage et coiffure.<\/p>\n","protected":false},"author":1,"featured_media":0,"parent":0,"menu_order":0,"comment_status":"closed","ping_status":"closed","template":"","meta":{"footnotes":""},"class_list":["post-238","page","type-page","status-publish","hentry"],"yoast_head":"<!-- This site is optimized with the Yoast SEO plugin v21.7 - https:\/\/yoast.com\/wordpress\/plugins\/seo\/ -->\n<title>Book - Photos Artistique - LBeauty<\/title>\n<meta name=\"description\" content=\"Maquillages et coiffures artistiques sur diff\u00e9rents th\u00e8mes (Perles, Monochrome, Effet Miroir, Galliano, Scorpions, H\u00e9rissons, Body Painting).\" \/>\n<meta name=\"robots\" content=\"index, follow, max-snippet:-1, max-image-preview:large, max-video-preview:-1\" \/>\n<link rel=\"canonical\" href=\"https:\/\/www.lbeauty.art\/index.php\/photo-de-mes-realisations-de-maquillage-et-coiffure-artistique\/\" \/>\n<meta property=\"og:locale\" content=\"fr_FR\" \/>\n<meta property=\"og:type\" content=\"article\" \/>\n<meta property=\"og:title\" content=\"Book - Photos Artistique - LBeauty\" \/>\n<meta property=\"og:description\" content=\"Maquillages et coiffures artistiques sur diff\u00e9rents th\u00e8mes (Perles, Monochrome, Effet Miroir, Galliano, Scorpions, H\u00e9rissons, Body Painting).\" \/>\n<meta property=\"og:url\" content=\"https:\/\/www.lbeauty.art\/index.php\/photo-de-mes-realisations-de-maquillage-et-coiffure-artistique\/\" \/>\n<meta property=\"og:site_name\" content=\"LBeauty\" \/>\n<meta property=\"article:publisher\" content=\"https:\/\/www.facebook.com\/people\/LBeautyart\/100094162878851\/\" \/>\n<meta property=\"article:modified_time\" content=\"2023-10-04T16:44:03+00:00\" \/>\n<meta name=\"twitter:card\" content=\"summary_large_image\" \/>\n<meta name=\"twitter:label1\" content=\"Dur\u00e9e de lecture estim\u00e9e\" \/>\n\t<meta name=\"twitter:data1\" content=\"1 minute\" \/>\n<script type=\"application\/ld+json\" class=\"yoast-schema-graph\">{\"@context\":\"https:\/\/schema.org\",\"@graph\":[{\"@type\":\"WebPage\",\"@id\":\"https:\/\/www.lbeauty.art\/index.php\/photo-de-mes-realisations-de-maquillage-et-coiffure-artistique\/\",\"url\":\"https:\/\/www.lbeauty.art\/index.php\/photo-de-mes-realisations-de-maquillage-et-coiffure-artistique\/\",\"name\":\"Book - Photos Artistique - LBeauty\",\"isPartOf\":{\"@id\":\"https:\/\/www.lbeauty.art\/#website\"},\"datePublished\":\"2022-10-11T10:02:56+00:00\",\"dateModified\":\"2023-10-04T16:44:03+00:00\",\"description\":\"Maquillages et coiffures artistiques sur diff\u00e9rents th\u00e8mes (Perles, Monochrome, Effet Miroir, Galliano, Scorpions, H\u00e9rissons, Body Painting).\",\"breadcrumb\":{\"@id\":\"https:\/\/www.lbeauty.art\/index.php\/photo-de-mes-realisations-de-maquillage-et-coiffure-artistique\/#breadcrumb\"},\"inLanguage\":\"fr-FR\",\"potentialAction\":[{\"@type\":\"ReadAction\",\"target\":[\"https:\/\/www.lbeauty.art\/index.php\/photo-de-mes-realisations-de-maquillage-et-coiffure-artistique\/\"]}]},{\"@type\":\"BreadcrumbList\",\"@id\":\"https:\/\/www.lbeauty.art\/index.php\/photo-de-mes-realisations-de-maquillage-et-coiffure-artistique\/#breadcrumb\",\"itemListElement\":[{\"@type\":\"ListItem\",\"position\":1,\"name\":\"Accueil\",\"item\":\"https:\/\/www.lbeauty.art\/\"},{\"@type\":\"ListItem\",\"position\":2,\"name\":\"Book &#8211; Photos Artistique\"}]},{\"@type\":\"WebSite\",\"@id\":\"https:\/\/www.lbeauty.art\/#website\",\"url\":\"https:\/\/www.lbeauty.art\/\",\"name\":\"LBeauty\",\"description\":\"Tout pour la beaut\u00e9 et le bien \u00eatre\",\"publisher\":{\"@id\":\"https:\/\/www.lbeauty.art\/#organization\"},\"alternateName\":\"Lucie BARLET Beaut\u00e9\",\"potentialAction\":[{\"@type\":\"SearchAction\",\"target\":{\"@type\":\"EntryPoint\",\"urlTemplate\":\"https:\/\/www.lbeauty.art\/?s={search_term_string}\"},\"query-input\":\"required name=search_term_string\"}],\"inLanguage\":\"fr-FR\"},{\"@type\":\"Organization\",\"@id\":\"https:\/\/www.lbeauty.art\/#organization\",\"name\":\"LBeauty\",\"alternateName\":\"Lucie BARLET Beaut\u00e9\",\"url\":\"https:\/\/www.lbeauty.art\/\",\"logo\":{\"@type\":\"ImageObject\",\"inLanguage\":\"fr-FR\",\"@id\":\"https:\/\/www.lbeauty.art\/#\/schema\/logo\/image\/\",\"url\":\"https:\/\/www.lbeauty.art\/wp-content\/uploads\/2022\/09\/cropped-Logo-ideal-pour-les-images-comples-1.png\",\"contentUrl\":\"https:\/\/www.lbeauty.art\/wp-content\/uploads\/2022\/09\/cropped-Logo-ideal-pour-les-images-comples-1.png\",\"width\":250,\"height\":250,\"caption\":\"LBeauty\"},\"image\":{\"@id\":\"https:\/\/www.lbeauty.art\/#\/schema\/logo\/image\/\"},\"sameAs\":[\"https:\/\/www.facebook.com\/people\/LBeautyart\/100094162878851\/\",\"https:\/\/www.instagram.com\/l.beau_ty\/\",\"https:\/\/fr.linkedin.com\/in\/lucie-barlet-53192b213\",\"https:\/\/vm.tiktok.com\/ZGJcHd4yd\/\"]}]}<\/script>\n<!-- \/ Yoast SEO plugin. -->","yoast_head_json":{"title":"Book - Photos Artistique - LBeauty","description":"Maquillages et coiffures artistiques sur diff\u00e9rents th\u00e8mes (Perles, Monochrome, Effet Miroir, Galliano, Scorpions, H\u00e9rissons, Body Painting).","robots":{"index":"index","follow":"follow","max-snippet":"max-snippet:-1","max-image-preview":"max-image-preview:large","max-video-preview":"max-video-preview:-1"},"canonical":"https:\/\/www.lbeauty.art\/index.php\/photo-de-mes-realisations-de-maquillage-et-coiffure-artistique\/","og_locale":"fr_FR","og_type":"article","og_title":"Book - Photos Artistique - LBeauty","og_description":"Maquillages et coiffures artistiques sur diff\u00e9rents th\u00e8mes (Perles, Monochrome, Effet Miroir, Galliano, Scorpions, H\u00e9rissons, Body Painting).","og_url":"https:\/\/www.lbeauty.art\/index.php\/photo-de-mes-realisations-de-maquillage-et-coiffure-artistique\/","og_site_name":"LBeauty","article_publisher":"https:\/\/www.facebook.com\/people\/LBeautyart\/100094162878851\/","article_modified_time":"2023-10-04T16:44:03+00:00","twitter_card":"summary_large_image","twitter_misc":{"Dur\u00e9e de lecture estim\u00e9e":"1 minute"},"schema":{"@context":"https:\/\/schema.org","@graph":[{"@type":"WebPage","@id":"https:\/\/www.lbeauty.art\/index.php\/photo-de-mes-realisations-de-maquillage-et-coiffure-artistique\/","url":"https:\/\/www.lbeauty.art\/index.php\/photo-de-mes-realisations-de-maquillage-et-coiffure-artistique\/","name":"Book - Photos Artistique - LBeauty","isPartOf":{"@id":"https:\/\/www.lbeauty.art\/#website"},"datePublished":"2022-10-11T10:02:56+00:00","dateModified":"2023-10-04T16:44:03+00:00","description":"Maquillages et coiffures artistiques sur diff\u00e9rents th\u00e8mes (Perles, Monochrome, Effet Miroir, Galliano, Scorpions, H\u00e9rissons, Body Painting).","breadcrumb":{"@id":"https:\/\/www.lbeauty.art\/index.php\/photo-de-mes-realisations-de-maquillage-et-coiffure-artistique\/#breadcrumb"},"inLanguage":"fr-FR","potentialAction":[{"@type":"ReadAction","target":["https:\/\/www.lbeauty.art\/index.php\/photo-de-mes-realisations-de-maquillage-et-coiffure-artistique\/"]}]},{"@type":"BreadcrumbList","@id":"https:\/\/www.lbeauty.art\/index.php\/photo-de-mes-realisations-de-maquillage-et-coiffure-artistique\/#breadcrumb","itemListElement":[{"@type":"ListItem","position":1,"name":"Accueil","item":"https:\/\/www.lbeauty.art\/"},{"@type":"ListItem","position":2,"name":"Book &#8211; Photos Artistique"}]},{"@type":"WebSite","@id":"https:\/\/www.lbeauty.art\/#website","url":"https:\/\/www.lbeauty.art\/","name":"LBeauty","description":"Tout pour la beaut\u00e9 et le bien \u00eatre","publisher":{"@id":"https:\/\/www.lbeauty.art\/#organization"},"alternateName":"Lucie BARLET Beaut\u00e9","potentialAction":[{"@type":"SearchAction","target":{"@type":"EntryPoint","urlTemplate":"https:\/\/www.lbeauty.art\/?s={search_term_string}"},"query-input":"required name=search_term_string"}],"inLanguage":"fr-FR"},{"@type":"Organization","@id":"https:\/\/www.lbeauty.art\/#organization","name":"LBeauty","alternateName":"Lucie BARLET Beaut\u00e9","url":"https:\/\/www.lbeauty.art\/","logo":{"@type":"ImageObject","inLanguage":"fr-FR","@id":"https:\/\/www.lbeauty.art\/#\/schema\/logo\/image\/","url":"https:\/\/www.lbeauty.art\/wp-content\/uploads\/2022\/09\/cropped-Logo-ideal-pour-les-images-comples-1.png","contentUrl":"https:\/\/www.lbeauty.art\/wp-content\/uploads\/2022\/09\/cropped-Logo-ideal-pour-les-images-comples-1.png","width":250,"height":250,"caption":"LBeauty"},"image":{"@id":"https:\/\/www.lbeauty.art\/#\/schema\/logo\/image\/"},"sameAs":["https:\/\/www.facebook.com\/people\/LBeautyart\/100094162878851\/","https:\/\/www.instagram.com\/l.beau_ty\/","https:\/\/fr.linkedin.com\/in\/lucie-barlet-53192b213","https:\/\/vm.tiktok.com\/ZGJcHd4yd\/"]}]}},"_links":{"self":[{"href":"https:\/\/www.lbeauty.art\/index.php\/wp-json\/wp\/v2\/pages\/238","targetHints":{"allow":["GET"]}}],"collection":[{"href":"https:\/\/www.lbeauty.art\/index.php\/wp-json\/wp\/v2\/pages"}],"about":[{"href":"https:\/\/www.lbeauty.art\/index.php\/wp-json\/wp\/v2\/types\/page"}],"author":[{"embeddable":true,"href":"https:\/\/www.lbeauty.art\/index.php\/wp-json\/wp\/v2\/users\/1"}],"replies":[{"embeddable":true,"href":"https:\/\/www.lbeauty.art\/index.php\/wp-json\/wp\/v2\/comments?post=238"}],"version-history":[{"count":3,"href":"https:\/\/www.lbeauty.art\/index.php\/wp-json\/wp\/v2\/pages\/238\/revisions"}],"predecessor-version":[{"id":242,"href":"https:\/\/www.lbeauty.art\/index.php\/wp-json\/wp\/v2\/pages\/238\/revisions\/242"}],"wp:attachment":[{"href":"https:\/\/www.lbeauty.art\/index.php\/wp-json\/wp\/v2\/media?parent=238"}],"curies":[{"name":"wp","href":"https:\/\/api.w.org\/{rel}","templated":true}]}}